{"id":2990,"date":"2020-05-03T16:58:30","date_gmt":"2020-05-03T16:58:30","guid":{"rendered":"https:\/\/www.calonder.com\/home\/?page_id=2990"},"modified":"2026-01-01T10:16:14","modified_gmt":"2026-01-01T09:16:14","slug":"impressum","status":"publish","type":"page","link":"https:\/\/www.calonder.com\/home\/impressum\/","title":{"rendered":"Impressum"},"content":{"rendered":"\t\t<div data-elementor-type=\"wp-page\" data-elementor-id=\"2990\" class=\"elementor elementor-2990\" data-elementor-post-type=\"page\">\n\t\t\t\t\t\t<section class=\"elementor-section elementor-top-section elementor-element elementor-element-3ddc8e9d elementor-section-boxed elementor-section-height-default elementor-section-height-default\" data-id=\"3ddc8e9d\" data-element_type=\"section\" data-settings=\"{&quot;background_background&quot;:&quot;classic&quot;}\">\n\t\t\t\t\t\t<div class=\"elementor-container elementor-column-gap-no\">\n\t\t\t\t\t<div class=\"elementor-column elementor-col-100 elementor-top-column elementor-element elementor-element-185f5f06\" data-id=\"185f5f06\" data-element_type=\"column\">\n\t\t\t<div class=\"elementor-widget-wrap elementor-element-populated\">\n\t\t\t\t\t\t<div class=\"elementor-element elementor-element-4bddd832 elementor-widget elementor-widget-heading\" data-id=\"4bddd832\" data-element_type=\"widget\" data-widget_type=\"heading.default\">\n\t\t\t\t<div class=\"elementor-widget-container\">\n\t\t\t\t\t<h1 class=\"elementor-heading-title elementor-size-default\">Impressum<\/h1>\t\t\t\t<\/div>\n\t\t\t\t<\/div>\n\t\t\t\t<div class=\"elementor-element elementor-element-51f2ca3f elementor-widget elementor-widget-text-editor\" data-id=\"51f2ca3f\" data-element_type=\"widget\" data-widget_type=\"text-editor.default\">\n\t\t\t\t<div class=\"elementor-widget-container\">\n\t\t\t\t\t\t\t\t\t<div><div><p>Copyright f\u00fcr alle Inhalte dieser Website:<br \/>\u00a9 1994-2026 Calonder U.S. Car &#8211; Truck &amp; Parts Import<\/p><p><b>Adresse:\u00a0<\/b>Calonder U.S. Car-Truck &amp; Parts Import, Industriestrasse 46, CH-8962 Bergdietikon<br \/><b>Gesch\u00e4ftsf\u00fchrer:<\/b>\u00a0Gianreto Calonder<b><br \/>E-Mail: <\/b>info@calonder.com<a href=\"mailto:info@vintageracingcrew.com\"><br \/><\/a>UST Id-Nr.: CHE-106.764.616 MWST<\/p><\/div><\/div><div><h3>\u00dcber diese Website<\/h3><\/div><div><div><p><strong>Fotos:<\/strong><\/p><\/div><div><ul><li><a href=\"https:\/\/juampigarcia.com\/\" target=\"_blank\" rel=\"noopener\">Juampi Garcia<\/a><\/li><li><a href=\"http:\/\/mcs-photo.ch\/\" target=\"_blank\" rel=\"noopener\">Manuel C. Senn<\/a><\/li><li><a title=\"Mario Heller Fotografie\" href=\"http:\/\/www.marioheller.ch\" target=\"_blank\" rel=\"noopener\">Mario Heller<br \/><\/a><\/li><li>Familie Calonder<\/li><li>Produkte-Hersteller und -Lieferanten<\/li><\/ul><div>\u00a0<\/div><\/div><div><p><strong>Webdesign and technology by <a href=\"https:\/\/www.computerfreak.ch\" target=\"_blank\" rel=\"noopener\">computerfreak.ch<\/a><br \/><\/strong><\/p><p><strong>\u00a0<\/strong><\/p><\/div><\/div><div><h1>Disclaimer<\/h1><\/div><div><div><p>Alle Angaben unseres Internetangebotes wurden sorgf\u00e4ltig gepr\u00fcft.<\/p><p>Der Zugriff auf die Seiten der Homepage und ihrer Unterseiten (Webseite) sowie deren Benutzung richtet sich nach den folgenden Vorschriften. Sie sind zum Aufruf und zur Nutzung der Webseite nur berechtigt, falls Sie sich mit den nachfolgenden Bestimmungen einverstanden erkl\u00e4ren. Unsere Allgemeinen Liefer- und Zahlungsbedingungen werden durch den Inhalt dieser allgemeinen Nutzungsbedingungen nicht ge\u00e4ndert, es sei denn, dass diese \u00c4nderung ausdr\u00fccklich erfolgt.<\/p><\/div><\/div><div><h3>\u00c4nderungsvorbehalt<\/h3><\/div><div><div><p>Die Calonder U.S. Car &#8211; Truck &amp; Parts Import beh\u00e4lt sich das Recht vor, die Webseite sowie diese Nutzungsbedingungen jederzeit und ohne Benachrichtigung nach eigenem Ermessen zu \u00e4ndern. Die Webseite kann von \u00a0Calonder U.S. Car &#8211; Truck &amp; Parts Import\u00a0auch jederzeit und ohne Benachrichtigung eingestellt werden.\u00a0<\/p><\/div><\/div><div><h3>Aktualisierung<\/h3><\/div><div><div><p>Wir sind nicht verpflichtet, den Inhalt der Webseite zu aktualisieren. Rechte an der Webseite und den Inhalten Jegliche Rechte an und aus der Webseite stehen der\u00a0Calonder U.S. Car &#8211; Truck &amp; Parts Import zu, soweit nicht ausdr\u00fccklich etwas anderes geregelt ist. Die auf dieser Webseite ver\u00f6ffentlichten Texte, Dokumente, Bilder und Darstellungen sind &#8211; soweit nicht anders angegeben &#8211; alleiniges Eigentum von\u00a0\u00a0Calonder U.S. Car &#8211; Truck &amp; Parts Import. Jegliche kommerzielle Verwendung oder Verwertung der Webseite und Ihrer Inhalte ist untersagt. Das Bestehen sonstiger Urheber- bzw. Schutzrechte bleibt unber\u00fchrt.\u00a0<\/p><\/div><\/div><div><h3>Haftung<\/h3><\/div><div><div><p>Wir \u00fcbernehmen keine Gew\u00e4hr f\u00fcr die Vollst\u00e4ndigkeit, Richtigkeit und\/oder Aktualit\u00e4t der auf der Webseite enthaltenen Informationen. Der Nutzer erh\u00e4lt Zugang zur Seite nur im jeweils vorhandenen &#8218;Ist-Zustand&#8216;. Der Nutzer unserer Webseite ist einverstanden, dass er das Risiko des Zugriffs auf die Webseite und auf deren Inhalte \u00fcbernimmt. Das Unternehmen ist nicht verantwortlich f\u00fcr Sch\u00e4den, die aus der Nutzung dieser Webseite, aus der Tatsache, dass die Webseite ganz oder zeitweise nicht genutzt werden kann oder aus einem Datenverlust oder der Datenver\u00e4nderung auf dem \u00dcbertragungswege resultieren.<\/p><\/div><\/div><div><h3>Verkn\u00fcpfungen (Links) auf Seiten Dritter<\/h3><\/div><div><div><p>Soweit diese Webseite Internetverkn\u00fcpfungen auf Seiten Dritter enth\u00e4lt, erfolgt deren Benutzung auf eigenes Risiko des Nutzers. Die\u00a0U.S. Car &#8211; Truck &amp; Parts Import leistet weder Gew\u00e4hr f\u00fcr deren Verf\u00fcgbarkeit noch macht sie sich diese Seiten bzw. die auf ihnen ge\u00e4usserten Ansichten und sonstigen Inhalte zu eigen.\u00a0<\/p><\/div><\/div><div><h3>Anwendbares Recht<\/h3><\/div><div><div><p>Etwaige bestehende oder behauptete Rechtsanspr\u00fcche im Zusammenhang mit der Benutzung dieser Webseite werden nach schweizerischem Recht, mit Ausnahme der Vorschriften des internationalen Privatrechts, behandelt bzw. ausgelegt.<\/p><p>Das Copyright f\u00fcr alle Internetseiten unter liegt beim Herausgeber:<\/p><p>Calonder U.S. Car &#8211; Truck &amp; Parts Import\u00a0<br \/>Industriestrasse 46<br \/>CH-8962 Bergdietikon<\/p><p>Tel. +41 44 740 99 79<br \/>Fax +41 44 740 99 80<\/p><\/div><\/div>\t\t\t\t\t\t\t\t<\/div>\n\t\t\t\t<\/div>\n\t\t\t\t\t<\/div>\n\t\t<\/div>\n\t\t\t\t\t<\/div>\n\t\t<\/section>\n\t\t\t\t<\/div>\n\t\t","protected":false},"excerpt":{"rendered":"<p>Impressum Copyright f\u00fcr alle Inhalte dieser Website:\u00a9 1994-2026 Calonder U.S. Car &#8211; Truck &amp; Parts Import Adresse:\u00a0Calonder U.S. Car-Truck &amp; Parts Import, Industriestrasse 46, CH-8962 BergdietikonGesch\u00e4ftsf\u00fchrer:\u00a0Gianreto CalonderE-Mail: info@calonder.comUST Id-Nr.: CHE-106.764.616 MWST \u00dcber diese Website Fotos: Juampi Garcia Manuel C. Senn Mario Heller Familie Calonder Produkte-Hersteller und -Lieferanten \u00a0 Webdesign and technology by computerfreak.ch \u00a0 Disclaimer [&hellip;]<\/p>\n","protected":false},"author":1,"featured_media":0,"parent":0,"menu_order":0,"comment_status":"closed","ping_status":"closed","template":"","meta":{"footnotes":""},"wf_page_folders":[138],"class_list":["post-2990","page","type-page","status-publish","hentry"],"_links":{"self":[{"href":"https:\/\/www.calonder.com\/home\/wp-json\/wp\/v2\/pages\/2990","targetHints":{"allow":["GET"]}}],"collection":[{"href":"https:\/\/www.calonder.com\/home\/wp-json\/wp\/v2\/pages"}],"about":[{"href":"https:\/\/www.calonder.com\/home\/wp-json\/wp\/v2\/types\/page"}],"author":[{"embeddable":true,"href":"https:\/\/www.calonder.com\/home\/wp-json\/wp\/v2\/users\/1"}],"replies":[{"embeddable":true,"href":"https:\/\/www.calonder.com\/home\/wp-json\/wp\/v2\/comments?post=2990"}],"version-history":[{"count":3,"href":"https:\/\/www.calonder.com\/home\/wp-json\/wp\/v2\/pages\/2990\/revisions"}],"predecessor-version":[{"id":18045,"href":"https:\/\/www.calonder.com\/home\/wp-json\/wp\/v2\/pages\/2990\/revisions\/18045"}],"wp:attachment":[{"href":"https:\/\/www.calonder.com\/home\/wp-json\/wp\/v2\/media?parent=2990"}],"wp:term":[{"taxonomy":"wf_page_folders","embeddable":true,"href":"https:\/\/www.calonder.com\/home\/wp-json\/wp\/v2\/wf_page_folders?post=2990"}],"curies":[{"name":"wp","href":"https:\/\/api.w.org\/{rel}","templated":true}]}}